c + 140 + 873 = 3*s, s + 1001 = 2*c. Let x = -167 + c. List the prime factors of x.
5, 67
Suppose -43 = -l + 27. Suppose 0 = 4*r + p - 113, 213 = 5*r + 3*p + l. Suppose r = y + 6. What are the prime factors of y?
2, 11
Let a(l) = l**3 - 46*l**2 - 135*l + 21. List the prime factors of a(52).
3, 5, 41
What are the prime factors of (-16)/20 + ((-50878)/(-10) - 5)?
2, 3, 7, 11
Let n be (-3 - -9) + (-1 - 0). Suppose 6*u - n*u - 15 = 0. Suppose 6*i - u*i + 342 = 0. List the prime factors of i.
2, 19
Let x = 10781 + -3099. List the prime factors of x.
2, 23, 167
Let r = 16467 - 9725. What are the prime factors of r?
2, 3371
Suppose -z + 4*z - 11 = y, -2*y = -z - 3. Suppose -4*f + 917 = -n, -y = 2*n - 2. List the prime factors of f.
229
Let n(o) = -2*o**3 - 3*o**2 - 2*o - 3. Let l be n(-3). List the prime factors of ((-218)/(-3))/(l/90).
2, 109
List the prime factors of (-495680)/50*130/(-104).
2, 1549
Let g be (45/20 - 4)*-118*6. List the prime factors of ((28/1)/2)/(42/g).
7, 59
Let o(v) = 3587*v**2 - 7 - 22 - 14*v - 3583*v**2. List the prime factors of o(-7).
5, 53
Suppose -55*z = 58*z - 119*z + 52116. List the prime factors of z.
2, 43, 101
Let q = 14421 + -538. What are the prime factors of q?
13883
Suppose 637*w + 674*w + 2083704 = 1335*w. What are the prime factors of w?
7, 79, 157
Let v(b) = -b**3 + 6*b**2 + 11*b + 3. Suppose 36*k = 31*k + 10. Let f be k/(-9) - 504/(-81). List the prime factors of v(f).
3, 23
Let h(g) = g**3 + 30*g**2 + 15*g - 10. Let p be h(-29). Suppose -401*q + p*q + 5035 = 0. List the prime factors of q.
19, 53
Suppose 5 = -5*y + 6*y. Suppose 4*m - 5*o - 3060 = -0*o, y*m - 3816 = 4*o. List the prime factors of m.
2, 5, 19
Let s(i) = -73*i - 127. List the prime factors of s(-37).
2, 3, 11, 13
What are the prime factors of (-1 + (-210)/12)*4446/(-13)?
3, 19, 37
Let f(x) = 123*x**3 + 11*x**2 + 12*x - 139. List the prime factors of f(5).
23, 677
Let c be (-402)/(-4)*50/(-15). Suppose 5*p = -u - 83 - 376, -u - 471 = -p. Let t = c - u. List the prime factors of t.
2, 67
Let t(i) = -5*i + 66. Let u = 49 - 55. List the prime factors of t(u).
2, 3
Suppose 22*y - 84 = 15*y. Let q(h) = 21*h - 41. What are the prime factors of q(y)?
211
Let f = -392 + 397. Suppose s = -f*r + 3910, -r + 1564 = r - 5*s. List the prime factors of r.
2, 17, 23
Suppose 5*o - 800 = 5*i, 0*o + o - 478 = 3*i. Let t = i - -93. Let n = 64 - t. What are the prime factors of n?
2, 5, 13
Let t = 292 - 274. Let z = t - -114. List the prime factors of z.
2, 3, 11
Suppose j + 4215 = -5*h, 0 = 4*j - 9*h + 12*h + 16894. Let v = -7153 - j. What are the prime factors of (24/15)/(-2) + v/(-10)?
2, 73
Let c(n) = n**2 - 7*n + 136. Suppose -46*l + 154 = -53*l. What are the prime factors of c(l)?
2, 3, 43
Let w be ((-182)/(-42))/((-172)/(-84) - 2). Suppose w - 397 = -18*r. List the prime factors of r.
17
Let v(f) = 51*f**2 - 204*f - 2. List the prime factors of v(12).
2, 2447
Let r = -7843 - -14006. What are the prime factors of r?
6163
Suppose 0 = -4*b - f + 76042, b - 2*f - 19015 = -0*f. What are the prime factors of b?
3, 6337
Suppose -2*q + 2*d - 472 = -5884, -5*q - d = -13536. Let g = q + -1749. List the prime factors of g.
2, 479
Suppose 5*p - 2*s = 473, -9 = -4*p - 4*s + 347. Suppose 1665 = 6*o - p. List the prime factors of o.
293
Suppose -9950 = -5*w - 4*x, -3*w = 3*x - 4526 - 1444. What are the prime factors of w?
2, 5, 199
Suppose -9*u = -2*u - 7. Suppose 5*f + 24 = j, 2*f + 12 - u = -j. What are the prime factors of (24/(-10))/((-93)/(-95) + j)?
2, 3, 19
Suppose 0 = 5*g + 2*m - 92772, -69*g + 71*g - 3*m = 37105. List the prime factors of g.
2, 9277
What are the prime factors of (16 - 18)/((-9)/5994)?
2, 3, 37
Let o(t) = -3*t - 1. Let y(b) = 206*b + 86. Let a(n) = -3*o(n) + y(n). List the prime factors of a(4).
13, 73
Let x(i) = 73*i + 38 + 37 - 23*i + 37*i. What are the prime factors of x(5)?
2, 3, 5, 17
Suppose 140591 = 4*p + 10*p - 3*p. List the prime factors of p.
12781
Let z(q) = -q**3 + 10*q**2 - 9*q + 5. Let s be z(9). Suppose 5*n + u - 559 - 261 = 0, 0 = s*u. List the prime factors of n.
2, 41
Let w = 70 + -70. Suppose -a + 2*i + 326 = w, -3*a + 527 = i - 479. Let l = -222 + a. What are the prime factors of l?
2, 7
What are the prime factors of (2/3)/((-15)/((-1800)/16)) + 1612?
3, 7, 11
Suppose 72793*j - 155992 = 72776*j. List the prime factors of j.
2, 31, 37
Let k be -2 - (0 + -1034 + -2) - 4. Suppose 3*x + 2*x - k = 0. Let u = -80 + x. What are the prime factors of u?
2, 3, 7
Suppose 34*j - 31*j = 7401. List the prime factors of j.
2467
Let l(d) = -6*d**2 - 4*d + 18. Let w be l(-12). Let z = -441 - w. List the prime factors of z.
3, 7, 17
Let w = -3470 - -4248. List the prime factors of w.
2, 389
Let r be (-62)/14 + 88/(-154). List the prime factors of 36 + -3 + 5 + r.
3, 11
What are the prime factors of -9 - 80000/(128/(-16))?
97, 103
What are the prime factors of (-896949)/(-27) - (-2 - 21/(-9))?
2, 5, 11, 151
Let m(f) = -188*f**3 + 55*f**2 - 26*f - 6. What are the prime factors of m(-5)?
3, 13, 641
Suppose r + 5*w = 8, -2*r + 4*w + 80 = 2*r. Suppose 930 = r*p - 17*p + 3*b, 0 = -p - 2*b + 926. What are the prime factors of p?
2, 3, 17
Let x(o) = o**3 - 11*o**2 + 25*o - 3. Let z be x(7). Let v(b) = -b**3 - 22*b**2 + 38*b - 44. What are the prime factors of v(z)?
2, 7
Suppose 0 = q - 2*a - 47 - 178, 0 = -q + 3*a + 225. Let c = q - 76. List the prime factors of c.
149
Suppose -5*i + 5*p = -188540, -2*p + 4952 = -4*i + 155780. List the prime factors of i.
2, 17, 1109
What are the prime factors of -656 + 656 + (4/18 - 179618/(-18))?
17, 587
Suppose -10*i - 11*i = -20*i. Suppose i = 8*d - 1614 - 1106. What are the prime factors of d?
2, 5, 17
Let o be (-19)/(-57)*(0 - -3). Let c be 1 + o + -4 + -75. Let f = 131 + c. List the prime factors of f.
2, 3
Suppose 9*i - 8*i = 0, -3*f + 3480 = 2*f - 4*i. List the prime factors of f.
2, 3, 29
Let w(t) = t**2 + 4*t - 8. Let k be w(-6). Suppose -5*f + 518 = -4*y + 3*y, -k*y - 527 = -5*f. What are the prime factors of f?
103
Let m be (13 - 14) + 1*5. Let s be 4*(18/4 - m). Suppose 2*h - 4*h + 5*u = -157, -s*h + 150 = 2*u. What are the prime factors of h?
2, 19
Let u(r) = 17*r**3 + 21*r**2 + 26*r - 19. What are the prime factors of u(7)?
3, 2341
Let o(l) = -1 + 37 - 5*l + 2*l**2 - 2*l. Suppose 116*x - 330 = 830. What are the prime factors of o(x)?
2, 83
Suppose 26*a = 1387 - 5287. List the prime factors of (245/(-2))/(25/a).
3, 5, 7
Let z(t) = 1113*t**2 + 511*t - 3069. List the prime factors of z(6).
3, 5, 2671
Suppose 33*y + 3*t = 32*y + 1014, 1042 = y - 4*t. Suppose 2*c = -2*h + 2576 - y, 3*c - 2317 = -h. List the prime factors of c.
3, 257
Suppose 19*v + 520 = 20*v - 3*z, 2*v + 5*z - 1051 = 0. List the prime factors of v.
523
Suppose 0 = -2*d + 3*t + 11, -3*t = d - 7*t + 2. List the prime factors of 9512/12 + d/(-15) + 2.
2, 397
Let b = -96 - -100. What are the prime factors of b/14 - (229/(-7) + 6)?
3
Let l = 311 + -194. Suppose -6*k + 2433 = -l. What are the prime factors of k?
5, 17
Suppose -2022 + 810 = 6*g. Let w = 241 + g. What are the prime factors of w?
3, 13
Suppose 3*j + 7 + 2 = 0, -2*g + 4*j = 16372. What are the prime factors of 14/(-91) - g/13?
2, 3, 5, 7
Let f(a) = -211*a**2 + 19*a - 67. Let k(m) = -140*m**2 + 12*m - 44. Let u(l) = -5*f(l) + 7*k(l). List the prime factors of u(4).
7, 13
Let w = 194 + -350. Let a = 91 + w. What are the prime factors of -5 - (4 + -5) - a?
61
Suppose -95722 = -12*b - 12310. What are the prime factors of b?
3, 7, 331
Let j = 100 + -90. Suppose -10*v - 5*v = -j*v. Suppose v = -5*h + 280 - 45. List the prime factors of h.
47
Let m be 139 - (2 - -2) - (0 - -3). Let t = 30 + m. Let v = 254 - t. List the prime factors of v.
2, 23
Let n(s) = s**2 - 3*s + 16. Suppose 0 = -7*j + 2*j + 5. Suppose -w = 5*u - j, 0*w + 4*w - 4 = -u. List the prime factors of n(u).
2
Suppose 0 = -g + 3*a - 83, 2*g - 2*a - 3*a + 163 = 0. Let p be (-4)/18 + (g/(-9) - -2). What are the prime factors of 12/p*(-60)/(-36)?
2
Let i = -8 + -51. Let n = i + 58. Let p = 26 + n. List the prime factors of p.
5
Let d(z) = 73*z + 7. Let n(w) = -2*w - 12. Let b be n(-8). Let s be d(b). Suppose -u + s = 5*i, -3*i + 4*u = -23 - 161. What are the prime factors of i?
2, 3, 5
Let d(g) be the first derivative of 17*g**